 (l - 5 - -3)*60. What is the greatest common divisor of d and 12?
12
Let t = -29 - -92. Calculate the highest common divisor of t and 21.
21
Let s be (13 + -2)/(1/5). Calculate the greatest common factor of 5 and s.
5
Suppose 3*u = -0*u + 75. Suppose -5*g = -4*c - 4 - u, -5*g - 5*c + 20 = 0. What is the highest common divisor of g and 55?
5
Let j(r) = -r**2 - 14*r - 6. Let f be j(-5). Calculate the greatest common divisor of 13 and f.
13
Let l be -88*(-1 - (-4)/(-8)). Let s = -27 + 39. What is the highest common factor of s and l?
12
Suppose -29 = -0*z - 3*z + s, -s + 11 = 2*z. Let f be 2/2 + (-7)/(-1). What is the greatest common factor of z and f?
8
Let f(o) = -7*o - 4 - o**2 - 3*o + 2. Let l be f(-8). Let g be 25/2*10 + 1. Calculate the greatest common divisor of g and l.
14
Let a = -339 + 482. What is the greatest common factor of a and 11?
11
Let n be 39 - (3 - (-4)/(-1)). Calculate the greatest common factor of 100 and n.
20
Let u be 0*3/9 - -144. What is the highest common divisor of 16 and u?
16
Let h be (-4 - (4 - -9))/1. Let d = -7 - h. What is the highest common factor of 90 and d?
10
Let a(p) = 2*p**2 + 6*p + 1. Let y be a(-5). Let o be (6*-21)/2*-3. What is the highest common divisor of o and y?
21
Suppose -5*g + 7 = -2*o - 6, 3*o - 2*g - 8 = 0. What is the greatest common divisor of 138 and o?
6
Let v = 2 + 9. What is the greatest common factor of 55 and v?
11
Let b be (-4 + 8)/(8/6). Calculate the greatest common divisor of 24 and b.
3
Suppose 0*k + 4*y = 3*k - 12, 5*y = 0. Suppose 4*p - 3*p - k = 0. Suppose 2*v + g + 22 = 51, p*g - 11 = -v. What is the greatest common divisor of v and 60?
15
Let p be (-2 + -1 - 83)*10/(-4). Suppose -1 - 4 = -g. Suppose 5*i = p - g. What is the highest common factor of i and 28?
14
Suppose -2*z - 4*a = 8, -5*z + 0*z - 5*a = 25. Let k be (z*2)/(-1) + 1. What is the highest common divisor of 91 and k?
13
Let l be (-5 - -4)*(-50)/1. Calculate the highest common factor of 10 and l.
10
Let a(v) = v**2 + v + 3. Suppose -i - 5*t = 24, 4*t = 3*t - 4. Let u be a(i). Calculate the greatest common divisor of 135 and u.
15
Let h(x) = -5*x - 5. Let y be h(-7). Let u(a) = a - 3. Let t be u(5). Let o = t - -4. What is the highest common factor of o and y?
6
Suppose -11 = -4*i - 3*b + 38, -25 = -i - 5*b. Calculate the highest common factor of 10 and i.
10
Let b = -14 - -20. Suppose -4*f - 16 = 0, 2*d - 3*f + 6*f - 108 = 0. Calculate the highest common divisor of b and d.
6
Let u(h) = h**3 + 14*h**2 + 16. Let y be u(-14). Calculate the greatest common divisor of 16 and y.
16
Suppose 3*z - 19 + 7 = 0. Calculate the greatest common factor of 4 and z.
4
Let t be 2/3*126/3. What is the greatest common divisor of t and 4?
4
Let q(b) be the first derivative of -b**2/2 - b - 8. Let f be q(-3). What is the greatest common divisor of 1 and f?
1
Suppose 0 = -4*p + 42 + 38. Calculate the greatest common divisor of 160 and p.
20
Let n be (-112)/(-52) - 2/13. Suppose 3*q = -3, 0 = -0*k + n*k + 5*q - 13. Calculate the highest common divisor of 3 and k.
3
Let c = 6 + -6. Suppose -4*k + 3*h + 91 = 0, c*k + 4*k + 2*h - 86 = 0. Let d be ((-3)/2)/((-12)/704). Calculate the highest common divisor of d and k.
22
Let u(l) = -4*l - 1. Let f be u(-2). Let y be 3*((-8)/3)/(-2). Let b be 3/(-6) + 310/y. Calculate the highest common divisor of f and b.
7
Let w = 8 + -6. Suppose -502 = -6*y + 2*y + w*c, 4*c + 248 = 2*y. What is the greatest common divisor of 18 and y?
18
Suppose -9*g = -4*g - 150. Calculate the highest common divisor of g and 20.
10
Let b be 9 + -2 - 3/6*0. What is the highest common divisor of 7 and b?
7
Let i(d) = 3*d - 8. Let o be i(6). What is the highest common factor of o and 4?
2
Let u = -23 - -49. Let y = -200 + 305. Suppose y = 4*t - 51. Calculate the greatest common factor of t and u.
13
Suppose b - 3*b + 54 = 0. Calculate the greatest common factor of 3 and b.
3
Suppose 0 = -2*y + 2 + 54. Calculate the greatest common divisor of 14 and y.
14
Let g = 51 + -23. What is the highest common factor of 42 and g?
14
Suppose 0 = 5*s - 3*s - 3*t - 25, -3*t + 15 = 3*s. Suppose -d + 4 = -s. What is the highest common divisor of 8 and d?
4
Let g = -48 + 92. Let i be 6/(-15)*10/(-1). What is the greatest common factor of i and g?
4
Let v be (7 + -1)*(-10)/(-20). What is the highest common divisor of v and 2?
1
Let z = 19 + 1. Calculate the highest common divisor of z and 180.
20
Let j(a) = a. Let l be j(8). Let r(y) = 2*y**2 - 5*y - 7. Let h be r(7). What is the greatest common factor of h and l?
8
Let n be (12/10)/((-1)/(-10)). Let l be (n/2)/(3/4). Suppose b - 14 = 2*f, -2*b = 2*b + 5*f - 17. Calculate the greatest common factor of b and l.
8
Suppose 0 = 5*y + 5 - 75. What is the greatest common factor of 7 and y?
7
Suppose -4 = o - 7. Suppose -2*z - o*z + 20 = 0. Suppose -4*g = -3*a - 2 - 101, 0 = -2*g - 2*a + 62. Calculate the highest common factor of z and g.
4
Let r = -6 - -24. Let f(l) = 3 - 5*l**2 - 4*l + 0*l**2 + l**3 - 4*l. Let q be f(7). Calculate the greatest common factor of r and q.
9
Let z be 12/(-8)*(-8)/6. Suppose z = 2*f - 2. What is the greatest common factor of f and 6?
2
Suppose 0 = 2*i + 2*t - 10, -5 = -3*i + 3*t + 4. Calculate the highest common factor of 12 and i.
4
Let h be 1 + 0 - -1 - -8. Suppose l + 0*l = -88. Let y = h - l. Calculate the greatest common factor of y and 14.
14
Let f = 15 + -12. Suppose f*i = 5*v + 55, 36 = 2*i - 2*v - 2*v. Calculate the highest common factor of 180 and i.
20
Let o(w) = -w**3 + 2*w**2 + 3*w + 1. Let g be o(-2). Suppose -l - 495 = -6*l. Calculate the highest common divisor of l and g.
11
Let m be (-3)/3 + 3*7. Suppose 0 = -3*y + 44 - 14. Calculate the highest common factor of y and m.
10
Let k = -23 - -40. Suppose -3*n - 5*l = -37 - 91, -5*n + 4*l + 275 = 0. Calculate the greatest common factor of k and n.
17
Let y = -63 - -92. Let c be -2 + y*(6 + -3). Calculate the greatest common factor of 34 and c.
17
Let b(l) = 42*l**2 - 3*l. Suppose 2*c - 4 = -0*c. Let k be b(c). Calculate the greatest common divisor of k and 18.
18
Let t be (30/4)/(2/(7 + -3)). What is the greatest common factor of 135 and t?
15
Let k = 15 + -10. Suppose 2*m = k + 5. Let y be (0 - -2)/(4/10). Calculate the highest common factor of m and y.
5
Let x = 812 + -532. Suppose 5*l = 4*o - x, o - 63 - 20 = -2*l. What is the highest common factor of o and 15?
15
Let i be -2 + 7/1 + -3. Suppose -5*p - 2*x + 131 = 0, -x + 64 = i*p - 6*x. Calculate the highest common factor of p and 108.
27
Suppose 0 = -4*d - 15 + 43. What is the highest common divisor of 77 and d?
7
Let l(k) = k**2 + 4*k + 3. Let q be l(-5). Suppose 2*d + 4 = 10. Suppose -y = -4*g + 8, -21 = -d*y + 3*g - 9. What is the greatest common divisor of q and y?
8
Suppose 2*a + c - 1 = 16, -7 = -2*a + c. Let z be (48/(-20))/(a/(-20)). What is the greatest common factor of 88 and z?
8
Suppose k - 3*k + 2*y = 0, 4*k = -4*y + 32. Suppose 4*x + 2*z - 44 = 0, 0 = k*x - 3*z - z - 44. What is the highest common divisor of 11 and x?
11
Suppose 4*y + 90 - 242 = 0. Let t be (21/15)/((-1)/(-5)). Let h(q) = -q**3 + 7*q**2 + 8*q + 1. Let m be h(t). Calculate the greatest common divisor of y and m.
19
Suppose 0 = 5*x + 15, -2*y - 2*x - 4 = -y. Suppose -191 = -3*k + y*n, -2*k = n - 0*n - 125. What is the greatest common factor of k and 21?
21
Let f be ((-4 - -2) + -4)*3. Let n = f + 19. Calculate the highest common divisor of 2 and n.
1
Suppose p = 2*p - 14. What is the greatest common divisor of p and 35?
7
Suppose -x - 80 = 2*i, 0 = -3*i - 4*x + 5*x - 110. Let g = i + 53. What is the highest common divisor of 15 and g?
15
Let s be 14*((-6)/(-3) + -3). Let q be ((-216)/s)/((-5)/(-35)). What is the greatest common factor of 12 and q?
12
Let n(c) = -c + 9. Let x be n(7). Let k be 111 + x*(-1)/(-2). Calculate the highest common divisor of 16 and k.
16
Suppose -5*s + 6*s + p - 32 = 0, -4*s + p = -118. What is the highest common factor of 12 and s?
6
Let g(m) = 4*m**2 - 12*m - 1. Let x(w) = 7*w**2 - 23*w - 1. Let d(o) = 5*g(o) - 3*x(o). Let f be d(8). Calculate the greatest common factor of f and 24.
6
Suppose -81 = 7*k - 214. Suppose 101 = 5*i - k. What is the highest common divisor of 8 and i?
8
Suppose 26*d - 21*d = 50. Calculate the highest common divisor